 60 + -54. Let h(m) = m**2 - 3*m - 2. Let n be h(8). Let j(a) = a**3 + 67*a**2 + 1 - n*a**2 + 4*a - 36*a**2. Give j(l).
-11
Let v(f) = f + 1. Let n = 54 - 46. Let r = n + -4. Suppose -r = -74*x + 78*x. Determine v(x).
0
Let y = -1246 - -1253. Let j(t) = t - 14. Let i(d) = d + 1 + d + 40 - 5*d. Let u(v) = 4*i(v) + 11*j(v). Give u(y).
3
Let u(y) = 2*y**3 + 2*y**2 + 1. Suppose -16*b + 93 = 3*b + 55. Give u(b).
25
Let t(m) be the first derivative of 5*m**2/2 - 24*m + 3333. Calculate t(16).
56
Let o(j) = j**2 + 33*j + 36. Let z = -30668 + 30667. What is o(z)?
4
Suppose 0 = 8*j + 698 - 1898. Let i = j - 159. Let a(g) = g. Give a(i).
-9
Let v(i) = -9*i**2 - 9*i + 4. Let b(x) = 27*x**2 + 30*x - 9. Let j(l) = -3*b(l) - 10*v(l). What is j(-4)?
131
Let d(v) = -71*v**2 + v - 1. Suppose 603*n - 584*n - 19 = 0. What is d(n)?
-71
Let y(z) = -103*z + 508. Let i(s) = -s + 132. Let v(q) = 6*i(q) - y(q). Calculate v(-3).
-7
Let s = -257/19 - -1561/114. Let b(g) be the second derivative of -s*g**3 + g + 15/2*g**2 + 0. Give b(0).
15
Let x be 1*4*(-237)/(-316). Let q(r) = -1 + 3 - 2*r + 3*r - 2*r**2. Give q(x).
-13
Let l(b) be the third derivative of 5/6*b**3 - 1/120*b**6 - 1/12*b**4 + 1/12*b**5 + 0 - 80*b**2 + 0*b. Determine l(5).
-5
Suppose 3*h - 29 = 5*i, 6*h - 5*h = -2*i - 5. Let u(p) = p + 0*p + h*p - 3*p + 346 - 342. Suppose 0 = -5*j - 25, 20 = 5*d - 2*j - 20. Give u(d).
10
Suppose -108 - 156 = 120*u + 96. Let t(z) = 3*z + 7. Let q(i) = -6*i - 14. Let a(s) = 3*q(s) + 7*t(s). Calculate a(u).
-2
Suppose -17*m - 49 - 431 = -47*m. Let j(d) = d**2 - 16*d - 2. Determine j(m).
-2
Let i(x) = -6*x + 735 - 363 - 366 + 6*x**2 - 5*x**2. Let w be (-1)/3 + (-44)/(-6). What is i(w)?
13
Let q(f) be the second derivative of -f**5/20 - 11*f**4/4 - 17*f**3/3 - 75*f**2/2 - 2399*f. Determine q(-32).
-11
Let s(v) = v - 10. Let b be (42/(-56))/(4/(-48)). What is s(b)?
-1
Let d(t) be the first derivative of t**4/4 - 10*t**3/3 + 8*t**2 - 7*t - 6207. What is d(8)?
-7
Suppose 480 = 26*o + 134*o. Let k(p) be the second derivative of p - 1/2*p**2 + 0 + 1/12*p**4 - 4/3*p**o. What is k(7)?
-8
Let o(h) be the second derivative of -h**5/20 + h**4 - 16*h**3/3 + h**2/2 - 94*h - 7. What is o(4)?
1
Let a = -17065 - -17036. Let t(y) = -y**2 - 30*y + 63. Determine t(a).
92
Let r(k) = -71*k + 5803. Let o be r(81). Let w(t) = 3*t**2 - 158*t + 109. Calculate w(o).
5
Let c(l) be the second derivative of l**5/10 - 5*l**4/12 - 11*l**3/6 + 5*l**2/2 + 3*l + 10. Determine c(4).
9
Let z be (-45)/(-30) - 3/(-2). Let w(i) = i**2 + 5 + 17*i + i**z - 17*i. Let c = -1 + 1. Calculate w(c).
5
Let f(m) = 10*m**2 + 19*m - 59. Let w(j) = 17*j**2 + 38*j - 119. Let b(t) = 5*f(t) - 3*w(t). Calculate b(-22).
-4
Let w(t) = -t - 9. Let o(c) = -c**2 - 17*c + 38. Let i be o(-19). Calculate w(i).
-9
Let j(u) = 1269*u + 5082. Let k be j(-4). Let h(l) = -l**2 + 10. Determine h(k).
-26
Let r(h) = 3*h**3 + 2*h**2 - h + 2. Suppose -u - 5 = 0, 21*u + 19 = 2*t + 18*u. What is r(t)?
32
Let f(a) be the third derivative of 1/60*a**5 + 11/24*a**4 - 118 + 0*a + 5/6*a**3 - a**2. Determine f(-10).
-5
Let u be -4 + 1 + -6*(-3)/9. Let i(n) be the second derivative of 17*n**4/12 - n**3/6 - n**2/2 - 61*n - 11. Calculate i(u).
17
Let b(o) = -8*o**2 - 8113 + 16218 + 8*o - 8096 + o**3. What is b(7)?
16
Let q(b) = b**3 - b**2 + b + 1. Let x(m) = -m**3 + 14*m**2 + 8*m - 4. Let k(p) = 2*q(p) + x(p). Give k(-11).
9
Let q(y) = 5*y - 5. Let k = 14 + -5. Let s(i) = -i + 1. Let z(x) = k*s(x) + 2*q(x). Suppose 0 = 5*g + 2*u, -3*u + 4*u - 1 = -3*g. What is z(g)?
1
Let o be 4 - (5 + -11 - -7). Let n(g) = 1172*g**2 + 1 - 6*g - 1174*g**2 - g**o - 7. Give n(-2).
6
Let r(d) = -d**2 - 69*d - 65 - 53*d - 57*d + 195*d. Give r(5).
-10
Let z = 4444 + -4438. Let l(w) = -w**3 + 8*w**2 - 12*w - 11. Give l(z).
-11
Let n(y) = -y**2 - 2*y + 3. Let t(u) = -u**2 + 6*u - 4. Let o(w) = -6*w**2 + 31*w - 22. Let j(m) = -2*o(m) + 11*t(m). Let a be j(-4). Determine n(a).
3
Let x(i) = 11*i**2 - 8*i + 18. Let k(v) = -4 + 0*v**2 + 4*v - 5*v**2 - 5. Let u(r) = 13*k(r) + 6*x(r). Suppose -3*n = -5*n + 5*q + 6, -n - 11 = q. What is u(n)?
12
Suppose -32*g + 138 = 48*g - 182. Let v(w) = -11*w + 52. Give v(g).
8
Let z be (-2)/(-6) - 28/(-6). Let j(h) be the third derivative of -h**5/30 + 5*h**4/24 - 42974*h**2. What is j(z)?
-25
Let x(o) = -2*o + 30. Suppose -169 = -4*m + 12*y - 101, -m + 9 = -5*y. Determine x(m).
-28
Let z be ((-63)/35 + 3)/((-6)/20). Let x(k) = 3*k**3 - k**2 + 2*k + 5. Let o(u) = -u**3 - u**2 + 1. Let w(v) = z*o(v) - x(v). Give w(-5).
1
Let v = -2123 + 2114. Let a(h) = -9*h - 77. Calculate a(v).
4
Let y(a) = a**2 + 7*a - 3. Let t be y(-8). Suppose -2*s + 2*g - 4 = 0, -s + 3*s - t*g + 13 = 0. Let q(m) = -4*m**2 + 6*m - s - 4 + 5*m**2. Determine q(-4).
-13
Let r(q) be the third derivative of -q**4/8 - 17*q**3/6 + q**2. Let b(l) = 2*l**2 - 39*l + 173. Let w be b(12). Calculate r(w).
4
Suppose -y + 4 = 0, 6*j - j = -2*y + 33. Let i(c) = -2*c + 1. Let t(h) = h + 1. Let q(d) = -i(d) + t(d). Determine q(j).
15
Let a(h) = -13*h**2 + 1. Suppose 5*m - 283 = 2*m - 5*u, 5*m - 479 = -u. Let y = m + -95. What is a(y)?
-12
Suppose -3*a - 9 = 3*j, 51 = j + 12*a - 17*a. Let m(g) = -g**3 + 5*g**2 + g - 11. Give m(j).
-41
Let u(s) = s**2 + 12*s + 26. Let k be u(-9). Let h be 19/7 + (-6)/21*k. Let d(j) = 20*j**h - 40*j**3 + j**2 + j + 16*j**3. Calculate d(-1).
4
Suppose 4 - 7 = 2*x - 5*y, -6 = 2*y. Let k(q) = q**2 + 2*q - 55. Determine k(x).
8
Let g(s) be the third derivative of -s**5/60 + 2*s**4/3 - 55*s**3/6 + 2*s**2 - s + 1490. Calculate g(6).
5
Let i(m) be the second derivative of m**2 + 22*m + 1 - 1/2*m**3. Let q be 2/(-6) + 8/(-3). Determine i(q).
11
Let k = -10 - -4. Let f(r) = -300*r**3 - 2*r**2 + r. Let u(b) = -1501*b**3 - 15*b**2 + 11*b + 2. Let n(y) = 5*f(y) - u(y). What is n(k)?
-2
Suppose 49*o - 64 = 41*o. Suppose f - o = -5*j, 0 = -2*f - 44*j + 40*j + 10. Let b(a) be the first derivative of -a**4/4 + 5*a**2/2 - 2*a + 2. Give b(f).
-14
Let r(l) = 21*l**2 + l. Suppose -a = -j + 6, 2*j + 3 = 6*j + 3*a. Suppose -3*h - h = -v, -5*h + j = -2*v. Calculate r(h).
20
Let w(q) = 2*q - 28. Let m(d) = 8*d + 83. Let b be m(-21). Let o = -72 - b. What is w(o)?
-2
Let l(b) = b + 1. Let w(o) = -25*o**2 + o - o + 27*o**2. Let h be w(0). Suppose -4*q + 3*f + 26 = h, f + 36 = 5*q - f. Calculate l(q).
9
Let p = -717 + 720. Let w(m) = 806*m - 404*m - 5 + m**2 - 405*m. Determine w(p).
-5
Suppose 5*f = 0, 2*f = 2*v + f - 42. Let w = v + -19. Let s(r) = -r**3 - 2 - 8*r**w + 5*r**2 - 4*r + 8*r**2. Determine s(4).
-2
Let b(k) be the second derivative of k**4/6 - 5*k**3/6 - 2*k**2 - 3*k - 1469. Suppose -j = 3*r - 11, 4*j - 3 + 7 = 0. Give b(r).
8
Let w(u) = 5*u**3 - 13*u**2 - 13*u + 5. Let n(f) = 14*f**3 - 37*f**2 - 37*f + 14. Let t(c) = -6*n(c) + 17*w(c). Calculate t(-2).
-5
Let x(i) = i - 4. Let q be x(4). Let j be -12 + -1*(-3 + q). Let u(c) be the first derivative of c**2/2 + 7*c + 117. Give u(j).
-2
Suppose 47*s - 6*s - 164 = 0. Let l(h) = 21*h - 79. Give l(s).
5
Let r(o) be the first derivative of -4*o**2 - 54*o + 3355. Give r(-7).
2
Let g(l) = -3*l - 21. Let f = 55 - 62. Let x be g(f). Suppose 5*w - 27 = -5*v + 3*w, x = 3*w + 12. Let r(t) = t**3 - 7*t**2 + 4. Calculate r(v).
4
Let p(v) = 8*v**2 + 23*v. Let h(i) = -i**3 + i**2 - i - 1. Let r(u) = -h(u) - p(u). What is r(11)?
1
Let t(f) be the second derivative of -4*f**2 + 6*f - 1/6*f**3 + 0. Let g be (-14)/10 - -1 - 14/(-35). What is t(g)?
-8
Let x be (-5)/(-3) - 5/(-15). Let c = -713 - -718. Suppose -3*t + c*g = 15 - 2, 0 = -2*t + x*g - 10. Let n(z) = z**3 + 8*z**2 + 9*z + 4. Calculate n(t).
22
Let n(b) be the first derivative of -4*b**3/3 - 9*b**2/2 + 12*b + 2733. Calculate n(-4).
-16
Let b(f) = -f**2 + 42*f + 3044. Let n be b(80). Let o(k) = -3*k**2 + 29*k - 70. Determine o(n).
-2
Let h(i) = 101*i**2 + 2*i - 45. Let m(c) = 177*c**2 + 5*c - 89. Let k(s) = -7*h(s) + 4*m(s). Calculate k(5).
14
Let m(u) = -269*u**3 + 270*u**3 - 23 + 9 + 10 + 10*u**2 + 2*u. Determine m(-5).
111
Let g(r) = r**2 + 9*r + 7. Suppose 2*q - 434 = -12*q. Let v(f) = -2*f - 7. Let u be v(-6). Suppose 9 = -u*n - q. Determine g(n).
-1
Suppose 0 = r + 662*c - 658*c + 20, -5*c = -3*r - 9. Let q(d) = d**2 - d + 1. Let z(b) = -4*b**2 - 5*b + 8. Let v(n) = -3*q(n) - z(n). Dete